1779. Is (5 + y/(-4))*12 composite?
True
Let o(x) = -5*x**2 - 7*x + 0*x**2 + 6*x**2 + 6*x**2 - 1. Is o(7) a composite number?
False
Let s be (-5)/(-10 - -5) + 412. Let k = 356 + s. Is k a composite number?
False
Let t(c) = -1558*c + 67. Is t(-7) a composite number?
False
Suppose 548 = 9*f + 1979. Let n = 350 + f. Is n prime?
True
Suppose 0 = -3*f - 5 + 2. Is (-10 + 9)*f/1 + 78 composite?
False
Suppose 4*c - 3*u = -0*u + 828, -626 = -3*c + u. Let b = 349 - c. Is b prime?
True
Let d(z) = -z**3 - 6*z**2 + 6*z - 5. Let a be d(-7). Suppose 2*s = -4*y + 48530, 3*s - 12135 = y - a*y. Is 4/6*y/24 a composite number?
False
Is (-7)/42 + 586055/30 a prime number?
False
Suppose -2*q + 25738 = 4*h, -h + 5*h - 25735 = -5*q. Suppose 0 = 5*y + 1900 - h. Is y composite?
False
Let s = -29 + 172. Suppose 3*k + s = 4*k. Is k a composite number?
True
Suppose 0 = 4*b - 3 + 11. Let z be 570/2 + (-1 - b). Let t = z + -157. Is t composite?
True
Is (1 - -342686)/(24*19/152) a prime number?
True
Suppose k + w = -4*w - 11, -k + w = 5. Let h(m) = -114*m - 8. Let a be h(k). Suppose -4*n + a = -2*n + 3*x, -351 = -n + 5*x. Is n composite?
True
Let y = -3 - -11. Suppose 0 = -3*u + y*u - 1335. Is u a prime number?
False
Suppose 4*p + 5*z - 4422 = 0, 2*p - 1043 = -4*z + 1171. Is p a composite number?
False
Let i(j) = -11*j**2 - 6*j - 8. Let a(f) = -23*f**2 - 13*f - 17. Let m(b) = 3*a(b) - 7*i(b). Let c(o) be the first derivative of m(o). Is c(2) a prime number?
False
Suppose 0 = -7*b + 3*b - 320. Let t be (-1 + 2)*-1 + -20. Let g = t - b. Is g a prime number?
True
Suppose 0 = -o + 1285 - 118. Suppose -3*a = -348 - o. Is a composite?
True
Let p(l) = l**3 + 16*l**2 + 13*l - 8. Let c be p(-12). Let z = 2169 - c. Is z a composite number?
True
Suppose -4*t + 16 = 5*r - 36, 4*r = t + 50. Let j = 349 + -176. Let h = j + r. Is h a prime number?
False
Let g(j) = -j + 1. Let m be g(-4). Suppose -4*o + 3569 = v - 0*v, 0 = -m*o - 3*v + 4456. Is o a composite number?
True
Let v(p) = 196*p - 55. Is v(9) prime?
True
Let h = -2815 + 8154. Is h prime?
False
Let x(b) = 2*b**2 + 5*b - 6. Let s be x(2). Is (-8)/s*-6 + 1683 a composite number?
True
Is ((-91)/(-39))/((-26049)/(-13023) - 2) a prime number?
False
Let t(d) = -d + 12. Let a(o) = -o**2 - 8*o - 6. Let x be a(-4). Let h be t(x). Suppose h*j = -4*q + 766, 0 = -4*j + 5*q - 454 + 1921. Is j a composite number?
False
Suppose 14*c - 9463 = 1247. Let l = c - 434. Is l composite?
False
Let z(g) = 2*g - 17. Let c be z(11). Suppose -574 + 9238 = 4*x - 4*s, -c = 5*s. Is x composite?
True
Suppose 3*q - 5*m - 584 = 0, 11 + 14 = 5*m. Is q*1 + (-10 - -6) prime?
True
Suppose -518 = -5*z + 1657. Suppose -3*r = z + 738. Let b = r - -596. Is b prime?
False
Suppose -3*v - 5*b = -26, 2*v - 3*v = 4*b - 11. Suppose v*n - 246 = 13. Is n prime?
True
Suppose 2*x = -5*p + 114, -3*p + 6*x + 81 = 3*x. Let o be (-302)/(0 + (-5)/10). Suppose -4*z + p + o = 0. Is z composite?
False
Let s(m) = -1 - 5*m - 16*m**2 - 2 - 1 - 1. Let x(l) = -15*l**2 - 6*l - 6. Let z(t) = -4*s(t) + 3*x(t). Is z(5) composite?
False
Suppose 2*w + 5*a = 304, -4*w - 152 = -5*w + 5*a. Suppose 3*y = w + 1261. Is y a composite number?
True
Suppose -4 = 4*j - 12. Suppose b - j*m = -0*b + 113, -4*m = 4*b - 428. Is b prime?
True
Is -3*(-2 - 52857/27) a composite number?
False
Let d(j) = 92*j**2 + 1. Let q be d(1). Suppose 4*k + q = 2785. Is k a prime number?
True
Suppose 5*h - 9*h + 3248 = 0. Is -4 + 4 + -3 + h a prime number?
True
Let z(l) = 226*l**2 - l - 1. Let q be z(-2). Suppose -4*v = v - q. Let i = v - 126. Is i prime?
False
Let n(c) = 70*c**2 - 40*c - 37. Is n(-17) prime?
True
Is (5 + -4)/(4/3884) prime?
True
Is (-4 - -15)/(-11)*(-6338 - -1) prime?
True
Let d(r) be the first derivative of -r**4/4 - r**3 - 5*r**2/2 + 2*r - 15. Is d(-7) prime?
True
Is 209967/15 - 3/((-45)/(-12)) a prime number?
True
Suppose 14*f - 35 = 15*f. Let r = 486 - f. Is r a prime number?
True
Let c(j) = 98*j**2 - 9*j + 97*j**2 - 3 - 10. Is c(-4) prime?
False
Suppose 2*y + 3*r = -3*y - 242, 5*r = 3*y + 152. Let x = -22 - y. Suppose -103 = -4*b - x. Is b a prime number?
True
Let d = -5399 - -39226. Is d a composite number?
False
Suppose 279577 = 12*f - 411107. Is f composite?
False
Let c(n) be the first derivative of -n**3/3 - 5*n**2 + 2*n - 9. Let h be c(-10). Suppose -h*r + 1557 = 4*a - 91, 0 = 4*a - 2*r - 1640. Is a a prime number?
False
Suppose 6 = 10*a - 8*a. Is 3 + (76 - (a + -2 + 1)) a composite number?
True
Let b = -465 - -586. Is b a prime number?
False
Let i be (-615)/(-25) + 9/(-15). Let f(z) = z**3 - 23*z**2 + 37. Is f(i) a prime number?
True
Suppose -12*c + 20943 + 38481 = 0. Suppose 9*w - c - 4417 = 0. Is w prime?
False
Suppose -5*n - 48*c + 24771 = -47*c, 5*n - 3*c - 24787 = 0. Is n prime?
False
Suppose 351633 = 5*w - 91272. Is w a composite number?
True
Suppose 3*c + 5*k - 1932 = 0, -4*c + 2*k + 2584 = 6*k. Let j = -446 + c. Suppose 2*s - 252 = -4*d + 548, -d + s + j = 0. Is d a composite number?
True
Let h be 2 - -17541*(5 + -3). Suppose 12551 = 5*d - h. Is d a composite number?
True
Suppose -5*k + 2*d + d + 158188 = 0, 4*d + 4 = 0. Is k composite?
True
Is (-209)/(-11) - 8 - -13568 a composite number?
True
Suppose -2*l + 2*f = -30, f = 3*l + 2*f - 33. Suppose 4*j = l*j - 3112. Is j prime?
True
Let y(d) = d**2 + 9*d + 3. Let x = -13 + 4. Let q be y(x). Suppose 0 = q*f - 2*f - 701. Is f prime?
True
Is 30054/12 - (-8)/((-16)/3) a prime number?
True
Let y(r) = 6*r + 3629. Is y(0) a prime number?
False
Suppose 2*o + 2*x - 1852 = 1340, 4783 = 3*o + 2*x. Is o prime?
False
Is 39/117*(171858/(-1))/(-2) a prime number?
True
Let u(t) = -52 + 12 + 13*t + t + t. Is u(7) composite?
True
Suppose i + 4*h = -3, h = -3*i - 1 + 14. Let n be 15912/20 - (-2)/i. Suppose 3*w + n = 7*w. Is w a composite number?
False
Suppose 21777 = 3*k - n - 5815, 18388 = 2*k - 2*n. Is k a prime number?
True
Let w = 20168 - 10035. Is w a prime number?
True
Let j = 41161 - -4702. Is j a prime number?
True
Is 1471/4*(0 - (-6 + 2)) a composite number?
False
Let r(x) = -69*x + 2. Let l(s) = -s**3 - 2*s**2 + 1. Let i be l(-2). Let c be r(i). Is 2 + 0/(-3) - c composite?
True
Let u be (-16)/(-20) - 14/5. Is (4407/65)/(u/(-10)) a prime number?
False
Let g(z) = 124*z**2 + z - 7. Let f(t) = 1 - t + 1 + 0 - 62*t**2 + 2. Let h(d) = 5*f(d) + 3*g(d). Is h(-2) a composite number?
False
Let y = 0 + 0. Suppose 0 = -y*c + 3*c - 138. Let d = 285 + c. Is d a composite number?
False
Let p be 212 + 5/((-15)/6). Suppose 4*m + 337 = 3*o, -5*m - p = -5*o + 360. Is o prime?
False
Let m(u) = 2*u + 12. Suppose -5*c - 16 = -c. Let g be m(c). Suppose -4*b - k = -644, -g*k = 4*b - b - 483. Is b a composite number?
True
Let r be -3 + -2 + 7 + -4. Is (3376/80)/(r/(-10)) prime?
True
Let s be ((-50)/4)/(-1*4/40). Let c = s - -660. Is c prime?
False
Let f = 8673 - 4630. Is f a composite number?
True
Let s(r) = 3*r - 4. Let p = 11 + -8. Let q be s(p). Suppose 3*n = -q*y + 773, -41 = -y + 5*n + 136. Is y composite?
False
Suppose -m + 11 + 8 = 5*p, 3*m + 2*p = 18. Suppose 3*u = 11 + m. Suppose -320 = -u*a - 25. Is a composite?
False
Let m(c) = 15*c**2 - c + 5. Let p be m(7). Suppose -2*j + p = -j. Is j a prime number?
True
Suppose -6*x + 309687 = -3*x. Is x prime?
False
Suppose -6107 - 3139 = -6*i. Is i a composite number?
True
Let q(y) = y**3 - 5*y**2 - 3. Let k = 26 - 21. Let v be q(k). Is v/3*59*-7 prime?
False
Let q = 2 - -4. Suppose -8*s = -q*s - 1172. Suppose -l + s = l. Is l a prime number?
True
Suppose 12*t = -33798 + 264642. Is t composite?
False
Is (-425)/(-30) + -15 - 28667/(-6) a prime number?
False
Let r = 90 + 257. Is r a composite number?
False
Let x(a) = 0*a + 0 - 1 + 5 + a. Let w be x(-6). Is w/3*2313/(-6) prime?
True
Let q(n) = 226 - n**2 + 173 + 2*n + 158. Is q(0) a composite number?
False
Suppose 152*d = 138*d + 132846. Is d composite?
True
Let u(h) = 7*h**2 + 10*h. Let g(o) = -7*o**2 - 11*o - 1. Let t(z) = 5*g(z) + 6*u(z). Let a(f) = -f**3 - 5*f**2 - 4*f + 4. Let j be a(-4). Is t(j) prime?
True
Let n(c) = 16*c**2 + 7*c + 23. Let f be (-9)/(54/28 + 21/(-49)). Is n(f) composite?
False
Let k(z) = 195*z + 6. Let l be k(6). Suppose -6*d = -2034 - l. Is d composite?
True
Let z = -25 + 29. Suppose -z*o = -10*o + 2454. Is o a composite number?
False
Let z = 3026 - 17